{"id":99,"date":"2022-05-05T22:12:01","date_gmt":"2022-05-05T20:12:01","guid":{"rendered":"https:\/\/cvipomocky.sk\/?page_id=99"},"modified":"2022-06-12T14:23:55","modified_gmt":"2022-06-12T12:23:55","slug":"filcove-manusky","status":"publish","type":"page","link":"https:\/\/cvipomocky.sk\/?page_id=99","title":{"rendered":"Filcov\u00e9 ma\u0148u\u0161ky"},"content":{"rendered":"<div class=\"yoast-breadcrumbs\"><span><span><a href=\"https:\/\/cvipomocky.sk\/\">Home<\/a> &raquo; <span><a href=\"https:\/\/cvipomocky.sk\/?page_id=132\">Tvorba pom\u00f4cok<\/a> &raquo; <span class=\"breadcrumb_last\" aria-current=\"page\">Filcov\u00e9 ma\u0148u\u0161ky<\/span><\/span><\/span><\/span><\/div>\n\n\n<figure class=\"wp-block-image alignwide size-large\"><img loading=\"lazy\" width=\"1024\" height=\"768\" src=\"http:\/\/cvipomocky.sk\/wp-content\/uploads\/2022\/06\/manusky_01_small-1-1024x768.jpg\" alt=\"\" class=\"wp-image-227\" srcset=\"https:\/\/cvipomocky.sk\/wp-content\/uploads\/2022\/06\/manusky_01_small-1-1024x768.jpg 1024w, https:\/\/cvipomocky.sk\/wp-content\/uploads\/2022\/06\/manusky_01_small-1-300x225.jpg 300w, https:\/\/cvipomocky.sk\/wp-content\/uploads\/2022\/06\/manusky_01_small-1-768x576.jpg 768w, https:\/\/cvipomocky.sk\/wp-content\/uploads\/2022\/06\/manusky_01_small-1-1536x1152.jpg 1536w, https:\/\/cvipomocky.sk\/wp-content\/uploads\/2022\/06\/manusky_01_small-1-1568x1176.jpg 1568w, https:\/\/cvipomocky.sk\/wp-content\/uploads\/2022\/06\/manusky_01_small-1.jpg 1600w\" sizes=\"(max-width: 1024px) 100vw, 1024px\" \/><\/figure>\n\n\n\n<p>Ma\u0148u\u0161ky z filcu boli navrhnut\u00e9 s cie\u013eom u\u013eah\u010di\u0165 de\u0165om s CVI rozpozn\u00e1vanie jednotliv\u00fdch \u010d\u0155t tv\u00e1re, ako aj charakteristick\u00e9 znaky vystihuj\u00face dan\u00fa osobu. Medzi ma\u0148u\u0161kami sa nach\u00e1dza postava <strong>dedka, chlapca, diev\u010da\u0165a,<\/strong> ako aj <strong>l\u00ed\u0161ky.<\/strong> Pri ma\u0148u\u0161k\u00e1ch je jednoduch\u00e9 zakomponova\u0165 do vizu\u00e1lnej stimul\u00e1cie aj pohyb a interakciu samotn\u00e9ho die\u0165a\u0165a s prezentovan\u00fdm objektom. Ma\u0148u\u0161ky boli navrhnut\u00e9 ako trojrozmern\u00e9 pom\u00f4cky pre knihu <strong>\u013dudia, <\/strong>av\u0161ak je mo\u017en\u00e9 ich pou\u017e\u00edva\u0165 aj samostatne pri cielenom rozvoji zrakov\u00fdch funkci\u00ed die\u0165a\u0165a s CVI. Ve\u013ekos\u0165 t\u00fdchto pom\u00f4cok je pribli\u017ene <strong>28 cm \u0161\u00edrka, 30 cm v\u00fd\u0161ka.<\/strong><\/p>\n\n\n\n<p>Na v\u00fdrobu filcov\u00fdch ma\u0148u\u0161iek budeme potrebova\u0165:<\/p>\n\n\n\n<ul><li>m\u00e4kk\u00e9 farebn\u00e9 filce form\u00e1tu A4, hr\u00fabka pribli\u017ene 1 mm<\/li><li>tuh\u0161\u00ed vlizel\u00edn na vystu\u017eenie filcov<\/li><li>farebn\u00e9 nite<\/li><li>kraj\u010d\u00edrska krieda na ozna\u010denie strihu<\/li><li>ihly alebo \u0161ijac\u00ed stroj<\/li><li>no\u017enice<\/li><li>\u0161abl\u00f3ny ma\u0148u\u0161iek<\/li><\/ul>\n\n\n\n<div class=\"wp-block-file\"><a id=\"wp-block-file--media-b4fb641d-27fa-426f-b657-032d06e38db0\" href=\"https:\/\/cvipomocky.sk\/wp-content\/uploads\/2022\/06\/Filcove_manusky_sablona.pdf\" target=\"_blank\" rel=\"noreferrer noopener\">Filcove_manusky_sablona<\/a><a href=\"https:\/\/cvipomocky.sk\/wp-content\/uploads\/2022\/06\/Filcove_manusky_sablona.pdf\" class=\"wp-block-file__button\" download aria-describedby=\"wp-block-file--media-b4fb641d-27fa-426f-b657-032d06e38db0\">Stiahnu\u0165<\/a><\/div>\n\n\n\n<p><strong>Postup:<\/strong><\/p>\n\n\n\n<p>Pri \u0161it\u00ed filcov\u00fdch ma\u0148u\u0161iek postupujeme podobne ako pri filcov\u00fdch rybk\u00e1ch \u2013 vystrihneme a zo\u0161ijeme (vy\u0161ijeme) v\u0161etky diely pre predn\u00fa aj zadn\u00fa \u010das\u0165 pom\u00f4cky, v pr\u00edpade potreby m\u00f4\u017eeme niektor\u00e9 \u010dasti (tv\u00e1r, ruky) vystu\u017ei\u0165 vlizel\u00ednom. T\u00fato pom\u00f4cku nevyp\u013a\u0148ame dut\u00fdm vl\u00e1knom. Pri zo\u0161\u00edvan\u00ed prednej aj zadnej \u010dasti nech\u00e1me v dolnej \u010dasti pom\u00f4cky po celej jej d\u013a\u017eke nezo\u0161it\u00fd otvor, pomocou ktor\u00e9ho si ma\u0148u\u0161ku budeme m\u00f4c\u0165 nasadi\u0165 na ruku, resp. ju takto bude m\u00f4c\u0165 pou\u017e\u00edva\u0165 aj samotn\u00e9 die\u0165a. Farebnos\u0165 pom\u00f4cok je op\u00e4\u0165 mo\u017en\u00e9 nakombinova\u0165 pod\u013ea preferenci\u00ed dan\u00e9ho die\u0165a\u0165a.<\/p>\n\n\n\n<figure class=\"wp-block-gallery has-nested-images columns-default is-cropped\">\n<figure class=\"wp-block-image size-large\"><img loading=\"lazy\" width=\"768\" height=\"1024\" data-id=\"298\"  src=\"https:\/\/cvipomocky.sk\/wp-content\/uploads\/2022\/06\/manusky_03-768x1024.jpg\" alt=\"\" class=\"wp-image-298\" srcset=\"https:\/\/cvipomocky.sk\/wp-content\/uploads\/2022\/06\/manusky_03-768x1024.jpg 768w, https:\/\/cvipomocky.sk\/wp-content\/uploads\/2022\/06\/manusky_03-225x300.jpg 225w, https:\/\/cvipomocky.sk\/wp-content\/uploads\/2022\/06\/manusky_03-1152x1536.jpg 1152w, https:\/\/cvipomocky.sk\/wp-content\/uploads\/2022\/06\/manusky_03.jpg 1440w\" sizes=\"(max-width: 768px) 100vw, 768px\" \/><\/figure>\n\n\n\n<figure class=\"wp-block-image size-large\"><img loading=\"lazy\" width=\"768\" height=\"1024\" data-id=\"300\"  src=\"https:\/\/cvipomocky.sk\/wp-content\/uploads\/2022\/06\/manusky_04-768x1024.jpg\" alt=\"\" class=\"wp-image-300\" srcset=\"https:\/\/cvipomocky.sk\/wp-content\/uploads\/2022\/06\/manusky_04-768x1024.jpg 768w, https:\/\/cvipomocky.sk\/wp-content\/uploads\/2022\/06\/manusky_04-225x300.jpg 225w, https:\/\/cvipomocky.sk\/wp-content\/uploads\/2022\/06\/manusky_04-1152x1536.jpg 1152w, https:\/\/cvipomocky.sk\/wp-content\/uploads\/2022\/06\/manusky_04.jpg 1440w\" sizes=\"(max-width: 768px) 100vw, 768px\" \/><\/figure>\n\n\n\n<figure class=\"wp-block-image size-large\"><img loading=\"lazy\" width=\"768\" height=\"1024\" data-id=\"299\"  src=\"https:\/\/cvipomocky.sk\/wp-content\/uploads\/2022\/06\/manusky_05-768x1024.jpg\" alt=\"\" class=\"wp-image-299\" srcset=\"https:\/\/cvipomocky.sk\/wp-content\/uploads\/2022\/06\/manusky_05-768x1024.jpg 768w, https:\/\/cvipomocky.sk\/wp-content\/uploads\/2022\/06\/manusky_05-225x300.jpg 225w, https:\/\/cvipomocky.sk\/wp-content\/uploads\/2022\/06\/manusky_05-1152x1536.jpg 1152w, https:\/\/cvipomocky.sk\/wp-content\/uploads\/2022\/06\/manusky_05.jpg 1440w\" sizes=\"(max-width: 768px) 100vw, 768px\" \/><\/figure>\n<\/figure>\n\n\n\n<figure class=\"wp-block-image alignwide size-large\"><img loading=\"lazy\" width=\"1024\" height=\"735\" src=\"https:\/\/cvipomocky.sk\/wp-content\/uploads\/2022\/06\/manusky_spolu-1024x735.jpg\" alt=\"\" class=\"wp-image-302\" srcset=\"https:\/\/cvipomocky.sk\/wp-content\/uploads\/2022\/06\/manusky_spolu-1024x735.jpg 1024w, https:\/\/cvipomocky.sk\/wp-content\/uploads\/2022\/06\/manusky_spolu-300x215.jpg 300w, https:\/\/cvipomocky.sk\/wp-content\/uploads\/2022\/06\/manusky_spolu-768x552.jpg 768w, https:\/\/cvipomocky.sk\/wp-content\/uploads\/2022\/06\/manusky_spolu-1536x1103.jpg 1536w, https:\/\/cvipomocky.sk\/wp-content\/uploads\/2022\/06\/manusky_spolu-1568x1126.jpg 1568w, https:\/\/cvipomocky.sk\/wp-content\/uploads\/2022\/06\/manusky_spolu.jpg 1920w\" sizes=\"(max-width: 1024px) 100vw, 1024px\" \/><\/figure>\n","protected":false},"excerpt":{"rendered":"<p>Ma\u0148u\u0161ky z filcu boli navrhnut\u00e9 s cie\u013eom u\u013eah\u010di\u0165 de\u0165om s CVI rozpozn\u00e1vanie jednotliv\u00fdch \u010d\u0155t tv\u00e1re, ako aj charakteristick\u00e9 znaky vystihuj\u00face dan\u00fa osobu. Medzi ma\u0148u\u0161kami sa nach\u00e1dza postava dedka, chlapca, diev\u010da\u0165a, ako aj l\u00ed\u0161ky. Pri ma\u0148u\u0161k\u00e1ch je jednoduch\u00e9 zakomponova\u0165 do vizu\u00e1lnej stimul\u00e1cie aj pohyb a interakciu samotn\u00e9ho die\u0165a\u0165a s prezentovan\u00fdm objektom. Ma\u0148u\u0161ky boli navrhnut\u00e9 ako trojrozmern\u00e9&hellip; <a class=\"more-link\" href=\"https:\/\/cvipomocky.sk\/?page_id=99\">Pokra\u010dova\u0165 v \u010d\u00edtan\u00ed <span class=\"screen-reader-text\">Filcov\u00e9 ma\u0148u\u0161ky<\/span><\/a><\/p>\n","protected":false},"author":1,"featured_media":0,"parent":132,"menu_order":6,"comment_status":"closed","ping_status":"closed","template":"","meta":{"_monsterinsights_skip_tracking":false,"_monsterinsights_sitenote_active":false,"_monsterinsights_sitenote_note":"","_monsterinsights_sitenote_category":0},"yoast_head":"<!-- This site is optimized with the Yoast SEO plugin v19.0 - https:\/\/yoast.com\/wordpress\/plugins\/seo\/ -->\n<title>Filcov\u00e9 ma\u0148u\u0161ky - cvipomocky.sk<\/title>\n<meta name=\"description\" content=\"Filcov\u00e9 ma\u0148u\u0161ky maj\u00fa za cie\u013e pom\u00f4c\u0165 de\u0165om s CVI nau\u010di\u0165 sa rozpozn\u00e1va\u0165 \u010drty tv\u00e1re, ale aj charakteristick\u00e9 znaky prezentovan\u00e9ho objektu.\" \/>\n<meta name=\"robots\" content=\"index, follow, max-snippet:-1, max-image-preview:large, max-video-preview:-1\" \/>\n<link rel=\"canonical\" href=\"https:\/\/cvipomocky.sk\/?page_id=99\" \/>\n<meta property=\"og:locale\" content=\"sk_SK\" \/>\n<meta property=\"og:type\" content=\"article\" \/>\n<meta property=\"og:title\" content=\"Filcov\u00e9 ma\u0148u\u0161ky - cvipomocky.sk\" \/>\n<meta property=\"og:description\" content=\"Filcov\u00e9 ma\u0148u\u0161ky maj\u00fa za cie\u013e pom\u00f4c\u0165 de\u0165om s CVI nau\u010di\u0165 sa rozpozn\u00e1va\u0165 \u010drty tv\u00e1re, ale aj charakteristick\u00e9 znaky prezentovan\u00e9ho objektu.\" \/>\n<meta property=\"og:url\" content=\"https:\/\/cvipomocky.sk\/?page_id=99\" \/>\n<meta property=\"og:site_name\" content=\"cvipomocky.sk\" \/>\n<meta property=\"article:modified_time\" content=\"2022-06-12T12:23:55+00:00\" \/>\n<meta property=\"og:image\" content=\"http:\/\/cvipomocky.sk\/wp-content\/uploads\/2022\/06\/manusky_01_small-1-1024x768.jpg\" \/>\n<meta name=\"twitter:card\" content=\"summary_large_image\" \/>\n<meta name=\"twitter:label1\" content=\"Predpokladan\u00fd \u010das \u010d\u00edtania\" \/>\n\t<meta name=\"twitter:data1\" content=\"3 min\u00faty\" \/>\n<script type=\"application\/ld+json\" class=\"yoast-schema-graph\">{\"@context\":\"https:\/\/schema.org\",\"@graph\":[{\"@type\":[\"Person\",\"Organization\"],\"@id\":\"https:\/\/cvipomocky.sk\/#\/schema\/person\/6764def79ff29fc2ea07657bb110ef9b\",\"name\":\"evarak\",\"image\":{\"@type\":\"ImageObject\",\"inLanguage\":\"sk-SK\",\"@id\":\"https:\/\/cvipomocky.sk\/#\/schema\/person\/image\/\",\"url\":\"https:\/\/cvipomocky.sk\/wp-content\/uploads\/2022\/06\/hrasok_01.jpg\",\"contentUrl\":\"https:\/\/cvipomocky.sk\/wp-content\/uploads\/2022\/06\/hrasok_01.jpg\",\"width\":1600,\"height\":1200,\"caption\":\"evarak\"},\"logo\":{\"@id\":\"https:\/\/cvipomocky.sk\/#\/schema\/person\/image\/\"},\"sameAs\":[\"http:\/\/cvipomocky.sk\"]},{\"@type\":\"WebSite\",\"@id\":\"https:\/\/cvipomocky.sk\/#website\",\"url\":\"https:\/\/cvipomocky.sk\/\",\"name\":\"cvipomocky.sk\",\"description\":\"pom\u00f4cky pre deti s CVI\",\"publisher\":{\"@id\":\"https:\/\/cvipomocky.sk\/#\/schema\/person\/6764def79ff29fc2ea07657bb110ef9b\"},\"potentialAction\":[{\"@type\":\"SearchAction\",\"target\":{\"@type\":\"EntryPoint\",\"urlTemplate\":\"https:\/\/cvipomocky.sk\/?s={search_term_string}\"},\"query-input\":\"required name=search_term_string\"}],\"inLanguage\":\"sk-SK\"},{\"@type\":\"ImageObject\",\"inLanguage\":\"sk-SK\",\"@id\":\"https:\/\/cvipomocky.sk\/?page_id=99#primaryimage\",\"url\":\"https:\/\/cvipomocky.sk\/wp-content\/uploads\/2022\/06\/manusky_01_small-1.jpg\",\"contentUrl\":\"https:\/\/cvipomocky.sk\/wp-content\/uploads\/2022\/06\/manusky_01_small-1.jpg\",\"width\":1600,\"height\":1200},{\"@type\":\"WebPage\",\"@id\":\"https:\/\/cvipomocky.sk\/?page_id=99#webpage\",\"url\":\"https:\/\/cvipomocky.sk\/?page_id=99\",\"name\":\"Filcov\u00e9 ma\u0148u\u0161ky - cvipomocky.sk\",\"isPartOf\":{\"@id\":\"https:\/\/cvipomocky.sk\/#website\"},\"primaryImageOfPage\":{\"@id\":\"https:\/\/cvipomocky.sk\/?page_id=99#primaryimage\"},\"datePublished\":\"2022-05-05T20:12:01+00:00\",\"dateModified\":\"2022-06-12T12:23:55+00:00\",\"description\":\"Filcov\u00e9 ma\u0148u\u0161ky maj\u00fa za cie\u013e pom\u00f4c\u0165 de\u0165om s CVI nau\u010di\u0165 sa rozpozn\u00e1va\u0165 \u010drty tv\u00e1re, ale aj charakteristick\u00e9 znaky prezentovan\u00e9ho objektu.\",\"breadcrumb\":{\"@id\":\"https:\/\/cvipomocky.sk\/?page_id=99#breadcrumb\"},\"inLanguage\":\"sk-SK\",\"potentialAction\":[{\"@type\":\"ReadAction\",\"target\":[\"https:\/\/cvipomocky.sk\/?page_id=99\"]}]},{\"@type\":\"BreadcrumbList\",\"@id\":\"https:\/\/cvipomocky.sk\/?page_id=99#breadcrumb\",\"itemListElement\":[{\"@type\":\"ListItem\",\"position\":1,\"name\":\"Home\",\"item\":\"https:\/\/cvipomocky.sk\/\"},{\"@type\":\"ListItem\",\"position\":2,\"name\":\"Tvorba pom\u00f4cok\",\"item\":\"https:\/\/cvipomocky.sk\/?page_id=132\"},{\"@type\":\"ListItem\",\"position\":3,\"name\":\"Filcov\u00e9 ma\u0148u\u0161ky\"}]}]}<\/script>\n<!-- \/ Yoast SEO plugin. -->","yoast_head_json":{"title":"Filcov\u00e9 ma\u0148u\u0161ky - cvipomocky.sk","description":"Filcov\u00e9 ma\u0148u\u0161ky maj\u00fa za cie\u013e pom\u00f4c\u0165 de\u0165om s CVI nau\u010di\u0165 sa rozpozn\u00e1va\u0165 \u010drty tv\u00e1re, ale aj charakteristick\u00e9 znaky prezentovan\u00e9ho objektu.","robots":{"index":"index","follow":"follow","max-snippet":"max-snippet:-1","max-image-preview":"max-image-preview:large","max-video-preview":"max-video-preview:-1"},"canonical":"https:\/\/cvipomocky.sk\/?page_id=99","og_locale":"sk_SK","og_type":"article","og_title":"Filcov\u00e9 ma\u0148u\u0161ky - cvipomocky.sk","og_description":"Filcov\u00e9 ma\u0148u\u0161ky maj\u00fa za cie\u013e pom\u00f4c\u0165 de\u0165om s CVI nau\u010di\u0165 sa rozpozn\u00e1va\u0165 \u010drty tv\u00e1re, ale aj charakteristick\u00e9 znaky prezentovan\u00e9ho objektu.","og_url":"https:\/\/cvipomocky.sk\/?page_id=99","og_site_name":"cvipomocky.sk","article_modified_time":"2022-06-12T12:23:55+00:00","og_image":[{"url":"http:\/\/cvipomocky.sk\/wp-content\/uploads\/2022\/06\/manusky_01_small-1-1024x768.jpg"}],"twitter_card":"summary_large_image","twitter_misc":{"Predpokladan\u00fd \u010das \u010d\u00edtania":"3 min\u00faty"},"schema":{"@context":"https:\/\/schema.org","@graph":[{"@type":["Person","Organization"],"@id":"https:\/\/cvipomocky.sk\/#\/schema\/person\/6764def79ff29fc2ea07657bb110ef9b","name":"evarak","image":{"@type":"ImageObject","inLanguage":"sk-SK","@id":"https:\/\/cvipomocky.sk\/#\/schema\/person\/image\/","url":"https:\/\/cvipomocky.sk\/wp-content\/uploads\/2022\/06\/hrasok_01.jpg","contentUrl":"https:\/\/cvipomocky.sk\/wp-content\/uploads\/2022\/06\/hrasok_01.jpg","width":1600,"height":1200,"caption":"evarak"},"logo":{"@id":"https:\/\/cvipomocky.sk\/#\/schema\/person\/image\/"},"sameAs":["http:\/\/cvipomocky.sk"]},{"@type":"WebSite","@id":"https:\/\/cvipomocky.sk\/#website","url":"https:\/\/cvipomocky.sk\/","name":"cvipomocky.sk","description":"pom\u00f4cky pre deti s CVI","publisher":{"@id":"https:\/\/cvipomocky.sk\/#\/schema\/person\/6764def79ff29fc2ea07657bb110ef9b"},"potentialAction":[{"@type":"SearchAction","target":{"@type":"EntryPoint","urlTemplate":"https:\/\/cvipomocky.sk\/?s={search_term_string}"},"query-input":"required name=search_term_string"}],"inLanguage":"sk-SK"},{"@type":"ImageObject","inLanguage":"sk-SK","@id":"https:\/\/cvipomocky.sk\/?page_id=99#primaryimage","url":"https:\/\/cvipomocky.sk\/wp-content\/uploads\/2022\/06\/manusky_01_small-1.jpg","contentUrl":"https:\/\/cvipomocky.sk\/wp-content\/uploads\/2022\/06\/manusky_01_small-1.jpg","width":1600,"height":1200},{"@type":"WebPage","@id":"https:\/\/cvipomocky.sk\/?page_id=99#webpage","url":"https:\/\/cvipomocky.sk\/?page_id=99","name":"Filcov\u00e9 ma\u0148u\u0161ky - cvipomocky.sk","isPartOf":{"@id":"https:\/\/cvipomocky.sk\/#website"},"primaryImageOfPage":{"@id":"https:\/\/cvipomocky.sk\/?page_id=99#primaryimage"},"datePublished":"2022-05-05T20:12:01+00:00","dateModified":"2022-06-12T12:23:55+00:00","description":"Filcov\u00e9 ma\u0148u\u0161ky maj\u00fa za cie\u013e pom\u00f4c\u0165 de\u0165om s CVI nau\u010di\u0165 sa rozpozn\u00e1va\u0165 \u010drty tv\u00e1re, ale aj charakteristick\u00e9 znaky prezentovan\u00e9ho objektu.","breadcrumb":{"@id":"https:\/\/cvipomocky.sk\/?page_id=99#breadcrumb"},"inLanguage":"sk-SK","potentialAction":[{"@type":"ReadAction","target":["https:\/\/cvipomocky.sk\/?page_id=99"]}]},{"@type":"BreadcrumbList","@id":"https:\/\/cvipomocky.sk\/?page_id=99#breadcrumb","itemListElement":[{"@type":"ListItem","position":1,"name":"Home","item":"https:\/\/cvipomocky.sk\/"},{"@type":"ListItem","position":2,"name":"Tvorba pom\u00f4cok","item":"https:\/\/cvipomocky.sk\/?page_id=132"},{"@type":"ListItem","position":3,"name":"Filcov\u00e9 ma\u0148u\u0161ky"}]}]}},"_links":{"self":[{"href":"https:\/\/cvipomocky.sk\/index.php?rest_route=\/wp\/v2\/pages\/99"}],"collection":[{"href":"https:\/\/cvipomocky.sk\/index.php?rest_route=\/wp\/v2\/pages"}],"about":[{"href":"https:\/\/cvipomocky.sk\/index.php?rest_route=\/wp\/v2\/types\/page"}],"author":[{"embeddable":true,"href":"https:\/\/cvipomocky.sk\/index.php?rest_route=\/wp\/v2\/users\/1"}],"replies":[{"embeddable":true,"href":"https:\/\/cvipomocky.sk\/index.php?rest_route=%2Fwp%2Fv2%2Fcomments&post=99"}],"version-history":[{"count":5,"href":"https:\/\/cvipomocky.sk\/index.php?rest_route=\/wp\/v2\/pages\/99\/revisions"}],"predecessor-version":[{"id":304,"href":"https:\/\/cvipomocky.sk\/index.php?rest_route=\/wp\/v2\/pages\/99\/revisions\/304"}],"up":[{"embeddable":true,"href":"https:\/\/cvipomocky.sk\/index.php?rest_route=\/wp\/v2\/pages\/132"}],"wp:attachment":[{"href":"https:\/\/cvipomocky.sk\/index.php?rest_route=%2Fwp%2Fv2%2Fmedia&parent=99"}],"curies":[{"name":"wp","href":"https:\/\/api.w.org\/{rel}","templated":true}]}}